 - 13. Let k(x) = -x**2 - 6*x + 7. Let q(y) = -6*h(y) - 11*k(y). What is the remainder when q(-9) is divided by 15?
13
Suppose -6*p + p = -30. What is the remainder when (1 - 3)*-12 - -2*13/13 is divided by p?
2
Calculate the remainder when 21 is divided by -3 - (-1 - -3) - (-33 + 10).
3
Let g be 21/(3*1/3). Let u = 38 - g. Calculate the remainder when 31 is divided by u.
14
What is the remainder when (570 - (-4 + -5)) + -6 is divided by 16?
13
Let h = -1 - -23. What is the remainder when 5/10 - (12168/16)/(-9) is divided by h?
19
Suppose 8*n - 4*n = -2*i + 140, 0 = -4*n - 12. What is the remainder when i is divided by 17?
8
Suppose 13*c = 460 + 34. What is the remainder when c is divided by 8?
6
Suppose -4*i - 20 = 0, 0*a + 4*i + 170 = 2*a. Suppose 3*k - 6*k + a = 0. Calculate the remainder when k is divided by 14.
11
Let i(c) = 2*c**3 - 39*c**2 - 22*c + 58. Let d(q) = 3*q**2 - 2*q + 2. What is the remainder when i(20) is divided by d(2)?
8
What is the remainder when 235 is divided by (-16446)/(-198) - 2/33?
69
What is the remainder when 107 is divided by 1854/48 + 18/48?
29
Suppose -4*w - 4 = 0, 0*o = o + 5*w - 591. Let q = o - 876. Let l = -155 - q. What is the remainder when l is divided by 32?
29
Let j(g) = -248*g - 16. What is the remainder when j(-1) is divided by 77?
1
Suppose -2*k = p - 203, -4*k - 2*p = 2*p - 412. Suppose -v - k = -6*v. Calculate the remainder when 52 is divided by v.
12
Calculate the remainder when 18/27 + (-28)/(-3) is divided by 10.
0
Let i be 0 + -4 - -2 - -78. Suppose 138*p - 139*p = -50. Let g = i - p. What is the remainder when g is divided by 7?
5
Suppose -27 = 45*k - 297. Calculate the remainder when 68 is divided by k.
2
Let y(h) = 2*h**2 - 13*h + 109. What is the remainder when y(14) is divided by 22?
11
Let z(s) = s**2 + 10*s + 44. Calculate the remainder when 135 is divided by z(-7).
20
Suppose 2 = -k + 6. Let p = 9 + -10. What is the remainder when p/(-3) + 160/24 is divided by k?
3
Suppose -v + 245 = 4*v. Calculate the remainder when v is divided by 39*(1 - 3/9).
23
Suppose -3*c = u - 35, 4*u = 4*c + 144 - 36. Let g be -4*3/18 + (-15132)/(-18). Suppose 9*r - g = -6*r. Calculate the remainder when r is divided by u.
27
Let d = -61 + 70. Let u(l) = l**2 - 8*l + 1. What is the remainder when 29 is divided by u(d)?
9
Let o = -4 - -3. What is the remainder when (-11)/(-4) + o/(-4) is divided by (2 + 16/(-10))/((-22)/(-110))?
1
Suppose -5*i - 126 = -3*h - 0*i, -2*h + 84 = -3*i. Suppose 0 = -5*t + 8 + h. Let o = t + -7. What is the remainder when 10 is divided by o?
1
Let w = -86 + 190. Calculate the remainder when (1 - 0) + w - 5 is divided by 15.
10
Let q(x) = -51*x - 17. What is the remainder when 66 is divided by q(-1)?
32
Let b(k) = -k + 2. Suppose -g + 40 = 3*v, 13*g - 10*g - 15 = -2*v. What is the remainder when v is divided by b(-7)?
6
Let p(o) = o**3 + 16*o**2 - 16*o + 23. Suppose 0 = 4*y + 4*z + 88, 5*y + z + 80 + 10 = 0. Calculate the remainder when 23 is divided by p(y).
5
Let j(h) = 9*h + 50. What is the remainder when j(0) is divided by 13?
11
Suppose -3*z = -2*i + 52, -10*z - 105 = -5*i - 15*z. Let x = 36 - 23. Calculate the remainder when i is divided by x.
10
Suppose -3*y + 2*y = -4. Suppose i - 10 = -y*i. Suppose -i*z - 3*z = -200. Calculate the remainder when z is divided by 11.
7
Let k be 2 + (-17)/(-2 - -3). Let m(p) = -p**2 - 16*p - 3. Let v be m(k). Calculate the remainder when v - ((-12)/(-4) - 1) is divided by 6.
4
What is the remainder when 3276/30 + (-2)/10 is divided by 28?
25
Let w = 0 + 12. Let n(t) = -t**3 + 14*t**2 - 17*t - 11. Calculate the remainder when n(w) is divided by 37.
36
Suppose -2*x - 3*x - 10 = 0, 0 = -4*j + 3*x + 146. Suppose 5*o - r - 335 = -0*r, 0 = -4*o + 5*r + 247. What is the remainder when o is divided by j?
33
Suppose -252*r = -261*r + 549. Let v(m) be the second derivative of -m**5/10 - m**4/4 + m**3/3 - m. Calculate the remainder when r is divided by v(-3).
19
Let p = -3 - -46. Let f = 63 - p. Let v = -13 + 20. Calculate the remainder when f is divided by v.
6
Suppose 0 = 20*p - 22*p + 154. Calculate the remainder when p is divided by 43.
34
Suppose -5*a + 0 - 2 = -4*t, 2*t = 5*a - 4. Suppose -31 = -f - t*h, 4*f - 7*h + 2*h - 124 = 0. Calculate the remainder when 58 is divided by f.
27
Let x be 3/18*-2*-9. Suppose -x*b + 36 = -27. What is the remainder when 79 is divided by b?
16
Suppose 45 + 60 = 3*k. Suppose 0 = 5*h + 9 + 6. Calculate the remainder when k is divided by 2/(6/(-9))*h.
8
Let l = 46 + -33. Suppose -49 = -a + 1. What is the remainder when -1 - (-2)/(4/a) is divided by l?
11
Suppose -2895 = -27*l + 13494. What is the remainder when l is divided by 10?
7
Let a(l) = -l**3 - 6*l**2 + 18*l. Let u be a(-8). Let w = u + 34. Calculate the remainder when w is divided by 8.
2
Let u = -105 - -153. What is the remainder when u is divided by ((-20)/7)/(20/(-70))?
8
Let p(v) be the second derivative of -v**3/6 + 8*v. Let t be p(-5). Suppose -3*x - 16 = -t*x. Calculate the remainder when 13 is divided by x.
5
Let r(s) = s**2 + s + 23. Let m be r(0). Suppose 10*u = 11*u + 12. Let h = u + m. Calculate the remainder when h is divided by 3.
2
Let w(m) = 22*m**2 + m. Calculate the remainder when (-12)/(-3) - (-1 - -2 - 41) is divided by w(1).
21
Suppose -p + 5*q = -64, 10*p = 8*p - 2*q + 80. What is the remainder when 305 is divided by p?
41
Let r(w) = 2*w**2 + 8*w + 7. Let l be -5*(-1 + 0)*-1. Let x = -24 - -30. What is the remainder when r(l) is divided by x?
5
What is the remainder when (-3)/2 + (-2928)/(-96) is divided by 8?
5
Suppose -5*w + 16*r - 18*r = -109, -5*w + 103 = 4*r. What is the remainder when 50 is divided by w?
4
Suppose -270 = -5*t - 3*h - 2*h, -4*h + 16 = 0. Let j = t - 39. Calculate the remainder when 30 is divided by j.
8
Suppose k = -4*m + 20, 4*m - 4 = -2*k + 24. Let a(l) = l**3 + 22*l**2 + l + 26. Calculate the remainder when k is divided by a(-22).
0
Let u = -616 + 676. What is the remainder when 179 is divided by u?
59
Calculate the remainder when (-1415)/(-9) + 10 - 4/18 is divided by 16.
7
Suppose -3*d + 17 + 14 = -2*j, -j + 30 = 5*d. Suppose 0 = 65*p - 56*p - 153. Calculate the remainder when p is divided by d.
3
Suppose 7*i - 8*i = -101. Suppose -2*j = -j - i. Calculate the remainder when j is divided by 26.
23
Let j = 8 + -3. Suppose -3*c = 5*z + 2 - 7, j*c + z - 23 = 0. Suppose -3*d - c + 35 = 0. Calculate the remainder when 28 is divided by d.
8
Let j = -105 + 100. Suppose -4*f = -f - 135. Calculate the remainder when f is divided by (0 - (-24)/j)*(112 + -117).
21
Suppose 6*k = 2*k - 8. Let n(m) be the third derivative of -m**6/60 + m**5/30 - m**4/24 - m**3/3 - 6*m**2. Calculate the remainder when 94 is divided by n(k).
22
Let h(p) = 14*p - 62. What is the remainder when h(23) is divided by 33?
29
Let b(q) = 67*q - 256. Calculate the remainder when 98 is divided by b(4).
2
Let d(s) = 2*s**2 - 1. Let i be d(-1). Calculate the remainder when (i + 6)*54/6 is divided by 16.
15
What is the remainder when 12 is divided by -2*((-30)/36)/((-3)/(-9))?
2
Let m(w) be the second derivative of w**4/12 + w**3/6 + 2*w**2 + 7*w. Let g be m(-4). What is the remainder when 8 is divided by (-328)/(-64) - 2/g?
3
Let u(q) = 2*q**2 + 24*q + 69. What is the remainder when u(-9) is divided by 0 + (-2 - -1) + 14?
2
Let y(s) = -s**3 + 6*s**2 + 59*s. Calculate the remainder when 175 is divided by y(11).
43
Suppose 0 = -6*u + 812 + 568. Calculate the remainder when u is divided by 21.
20
Suppose -19*x + 20 = -113. Let h = -14 + 24. What is the remainder when h is divided by x?
3
Suppose -54 = -12*f + 6. What is the remainder when 429 is divided by f?
4
Let n be ((-3)/12)/((-2)/8). Suppose -3*c + 13 = n. Calculate the remainder when 9 is divided by c.
1
Suppose -5*z - 3*q + 151 = -302, 2*q = 2. Suppose 79 + 84 = 5*b + 4*w, -3*b = -4*w - 85. What is the remainder when z is divided by b?
28
Let w = 659 + -599. Let c = 3 - -29. What is the remainder when w is divided by c?
28
Let c(h) = 2*h**2 - 12*h - 142. Calculate the remainder when -3*(316/6)/(-1) is divided by c(13).
38
Let j(v) = 2*v**2 + 5*v. Let m(u) = -4*u - 7 - 6 - 3*u - 2*u. What is the remainder when m(-4) is divided by j(-4)?
11
Let w(d) = d**2 + 8*d - 7. Let j be w(-9). Suppose -j*r = 12 - 